 z - 1. Let s(n) = -4*n - 4*n - z + 6*n - 2. Suppose 0 = a + 1 + 3. What is s(a)?
4
Let s = 8 + -5. Let j = s - 7. Let c(x) = 4*x**2 - 20*x - 2*x**2 - 3*x**2 + 15*x - 5. What is c(j)?
-1
Let z(c) = c**2 + 8*c + 9. Let l be z(-7). Suppose 5*t = l*t - 3. Let j(x) = x - x**2 + 2 - 2*x - 3. Give j(t).
-1
Let n(i) = -8*i**2 - 2*i + 1. Let g = -72 + 73. Determine n(g).
-9
Let l(g) = -g**2 - 4*g - 6. Let z = -23 - -19. Determine l(z).
-6
Let q(w) be the first derivative of -w**4/24 + w**3/6 + w**2/2 - 2. Let r(k) be the second derivative of q(k). Suppose p = 3*p + 2, -p = a - 2. What is r(a)?
-2
Let j be (-2)/9 + (-125)/45. Let q(l) = -2*l**3 + 5*l**2 + 3*l + 1. Let c(r) = -r**3 + r**2 + r. Let s(t) = -3*c(t) + q(t). Calculate s(j).
-8
Let q(v) = -13*v - 11. Let n(u) = 7*u + 5. Let s(c) = -5*n(c) - 2*q(c). Calculate s(-2).
15
Let d = -7 - -1. Let b(l) = l + 1. Let w(u) = u**3 + 6*u**2 + 7*u + 13. Let k(z) = 5*b(z) - w(z). Give k(d).
4
Let f(o) = -2*o**3 + 3*o**2 - 3*o + 2. Let k(v) = -v - 2. Let a be k(-5). Suppose 2*c - 6 = a*d, 3*c + c = -4*d - 8. Suppose -8 = -4*b - c*b. What is f(b)?
-8
Let l(c) = -c**3 - 5*c**2 - 4*c. Let h(f) = -f + 2. Let i(m) = m**3 + 5*m**2 - 5*m + 6. Let g be i(-6). Let j be h(g). Let n = j - 5. Give l(n).
-6
Let y(l) = 2*l**2 + 8*l + 6. Let t be y(-4). Let x(b) be the third derivative of 1/12*b**5 + 1/120*b**t + 0 - 1/2*b**3 + 0*b + 3*b**2 + 1/8*b**4. What is x(-3)?
6
Let f(v) = -5*v + 1 + 3 - v**2 - 2. Let o be f(-5). Let u(b) = 8*b - o - 5*b + 2*b**2 - 3*b**2. What is u(2)?
0
Let w be (-1)/2*(-7 + -1). Let c(p) be the second derivative of p**4/12 - p**3/6 - p**2 + p. Determine c(w).
10
Suppose 4*d - 3 = 5*c - 74, -d + 2*c - 14 = 0. Let l be (6/(-4))/((-9)/d). Let j(v) = -v**2 - 5*v - 4. Determine j(l).
0
Let l(r) = -4*r. Let m(b) = -b. Let s(v) = 6*l(v) - 28*m(v). Determine s(-1).
-4
Let t be (-3 - (-5)/2)*-8. Let x(i) = i**2 - 4*i + 4. Let p be x(t). Let n(w) = 5*w - w + 1 - p*w + 2*w. What is n(-1)?
-1
Let k(h) = -h**3 - 3*h**2 + 2*h - 5. Let f(r) = r**3 + 0*r**3 - 12 - 3*r**3 + 8*r**2 - 3*r + 3*r**3. Let b be f(-8). Suppose 2*s + b = -s. Calculate k(s).
3
Let f(z) be the third derivative of -z**8/6720 - z**6/720 + z**4/6 - 8*z**2. Let o(g) be the second derivative of f(g). Determine o(-1).
2
Let r(d) = -d**3 + 4*d**2 - d + 1. Suppose 4*h - 15 = 9. Let o = 74 + -64. Let b = o - h. What is r(b)?
-3
Let l = -9 - -12. Let z(d) = 3 + 5*d**3 - 6*d**3 + 2*d**2 + 2*d + 2*d**l. Give z(-2).
-1
Let d(f) = -2*f + 2. Let r = -5 - -2. Let q = r - -7. Suppose -5*y = q*t - 29, 5*y - 5*t - 22 = -2*t. What is d(y)?
-8
Suppose 2*x - 3*x + 3 = 0. Suppose 2*z + x*z = 25. Let w(l) = -2*l. Give w(z).
-10
Let k(g) = g**2 + g. Let o(c) = -3*c**2 + 1. Let w(m) = -k(m) - o(m). Give w(2).
5
Let y be 2/(-10) + 248/40. Let x(j) = -j + 8. What is x(y)?
2
Let s(g) = 6*g - 10 - 6*g + g. Determine s(0).
-10
Let w(p) = p - 3 + 2 + 2 + 2. What is w(3)?
6
Let s(a) = -4*a + 5 - 1 + 2 - 7 + a**2. Calculate s(2).
-5
Let y(j) = 3*j + 6. Let o be -1 + (-1 - -1 - 4). Give y(o).
-9
Suppose -2*p + 12 = -5*g, -13 = 3*p + g + 3. Suppose 4 - 1 = 3*l. Let t(m) = 2*m**2 + 0 + 2*m - m**2 - l. What is t(p)?
7
Let s(u) be the second derivative of -u**4/12 - u**3 - 3*u**2/2 - 14*u. Let h(v) = v - 14. Let o be h(10). What is s(o)?
5
Suppose -4*n + 5*n = 6. Let v(y) = 10 - 5 - 3 + y - 7. What is v(n)?
1
Let j(y) be the first derivative of y**7/840 - y**5/120 + y**4/24 + 8*y**3/3 - 4. Let p(k) be the third derivative of j(k). Calculate p(-2).
-5
Let c(i) = 7*i - 3. Let m(y) = 8*y - 4. Let p(z) = 5*c(z) - 4*m(z). Let x = 28 + -25. Suppose -x*a + 12 - 9 = 0. What is p(a)?
4
Let o be ((-1)/(-3))/((-8)/48). Let k(d) = -d**2 - d - 1. Calculate k(o).
-3
Let t = 29 - 16. Let u = 29 - t. Suppose -4*y = -u, b - 15 = -5*y + 4. Let n(m) = -m + 1. Give n(b).
2
Let l(v) = 6*v**3 - v**2 + v. Let f(y) = -8*y - 7. Let c be f(-1). Calculate l(c).
6
Let j(x) = 7*x**2 + 13*x + 3. Let b(y) = 4*y**2 + 7*y + 2. Let h(z) = -5*b(z) + 3*j(z). What is h(-3)?
-4
Suppose -5*r + 2*r + 3 = 0. Suppose l - 4 = r. Let s(v) = v**2 - 6*v + 1. Calculate s(l).
-4
Let l(k) = -k - 2. Suppose -4*t - 10 = -5*t. Suppose -t = -5*j + 5. Determine l(j).
-5
Suppose -2*d + y + 6 = 0, -6*d + 13 = -d - 2*y. Let u(c) = 4*c. Calculate u(d).
4
Let o(v) = 0*v - 4 + 3 - v - v. Let f(y) = -5*y + 1. Let k be f(1). Let c = k + 0. Determine o(c).
7
Let q(w) = w**2 + 2. Suppose -12*a + 10*a - 4 = 0. Determine q(a).
6
Let z(y) = -6*y - 1. Let j be z(-1). Let f(s) = -j + 3*s**3 + s**2 + 6 - 4*s**3 + 3*s. Give f(3).
-8
Let q = 3 + -5. Let t be q/(-1) - 0/(-2). Let n(m) = t*m - 2 - 6*m - m**3 + 0 - 3*m**2. What is n(-2)?
2
Suppose -18*o + 13*o = 15. Let x be ((-24)/(-9) + -2)*3. Let s(r) = 6 + 2*r - 2*r**2 + 3*r**x - 3. Calculate s(o).
6
Let o(y) = -y**2 - 7*y + 1. Let f(m) = -m**2 - 7*m + 1. Let g(b) = 4*f(b) - 5*o(b). Let r be g(-7). Let w(t) = 5*t**3 + 2*t + 1. What is w(r)?
-6
Suppose 5 - 1 = -q, -4*u + 4 = 3*q. Let g(w) = -w - 2. Let z be g(u). Let k(l) = -l**3 - 5*l**2 + 5*l - 7. Determine k(z).
-1
Let p(b) be the first derivative of 2*b**3/3 - 2*b**2 + 4*b - 3. Suppose g - 3 = -0. Give p(g).
10
Let s(u) = -u + 1. Let d(j) = 3*j + 2. Let b(c) = c + 1. Let n(r) = 5*b(r) - 2*d(r). Let q(p) = -3*n(p) + 2*s(p). Give q(-6).
-7
Let g(a) = 9*a + 6. Let o(b) = 26*b + 17. Let d(z) = -17*g(z) + 6*o(z). Give d(3).
9
Let h(f) be the third derivative of -f**6/120 + 7*f**5/60 - f**4/4 - f**3/2 + 19*f**2. Give h(6).
-3
Let u(h) = -h**2 - 5*h + 7. Let x be u(-6). Suppose -z = -5*z + 8. Let f(m) = -2 + 2 - m + 6*m**z. What is f(x)?
5
Suppose f + 12 = 7*f. Let z(j) be the first derivative of 1/4*j**4 + 2*j**3 + 5/2*j**f - 1 + 3*j. Calculate z(-5).
3
Let b(g) be the third derivative of -g**8/6720 - g**7/420 - g**6/240 - g**5/120 - g**4/12 - g**2. Let a(u) be the second derivative of b(u). Calculate a(-5).
-11
Let m(h) = 7*h**2 + 3*h + 9. Let f(q) = -11*q**2 - 4*q - 14. Let u(d) = 5*f(d) + 8*m(d). Let w be 2/5 - (-44)/(-10). Give u(w).
2
Suppose 62*r = 66*r + 16. Let j(h) = 4*h + 3. Calculate j(r).
-13
Let d(l) = l**2 - 4*l - 3. Let f(u) = -u. Let t be f(-6). Calculate d(t).
9
Let w(a) = a**3 - 4*a**2 - 4*a. Let i be w(5). Let j(o) = o + 4. What is j(i)?
9
Let b(k) be the second derivative of -1/2*k**2 + 1/2*k**5 + 0 + 0*k**3 + 0*k**4 + 2*k. Calculate b(-1).
-11
Let g(x) be the third derivative of -1/2*x**3 + 0*x - 6*x**2 + 1/60*x**5 + 0 - 1/4*x**4. Give g(6).
-3
Suppose 5*t + 21 = -4. Let p(y) = -y**3 - 2*y**2 + 2*y. Let s be p(-3). Let c(b) = b - s*b + 0*b - 7. Give c(t).
3
Let l(t) = 9*t**3 + 0 - 1 - 12*t**3 + 2. Let v be l(1). Let j be (-12)/v*1/2. Let q(z) = -z**2 + 2*z + 3. Calculate q(j).
0
Let a(f) = 2*f**2 + 3*f - 4. Let n = 5 + -9. Determine a(n).
16
Suppose 4*d + 6 = -2. Let m(r) = 3*r**2 + 4*r + 2. Determine m(d).
6
Let r be 3/(-2)*(-32)/48. Let w(m) = 4 + 0*m - m - 5 + m**2. Let f(q) = -9*q**3 + 7*q**2 - 6*q - 5. Let k(b) = f(b) - 5*w(b). Give k(r).
-8
Let t(b) = -5*b**2 - 7*b + 2. Let p be (-255)/(-10)*(-4)/6. Let d(j) = -14*j**2 - 20*j + 6. Let f(y) = p*t(y) + 6*d(y). Give f(-2).
8
Let k be (11 + 3)*2/4. Let u = 11 - k. Let v be (-2)/u*(0 - 0). Let n(g) = -g**2 - 6. Calculate n(v).
-6
Let t(a) = a + 1. Let s(k) = k**3 + 6*k**2 - k - 5. Let n be s(-6). Let b be t(n). Let g = b - 5. Let v(l) = l**3 + 3*l**2 - l + 3. What is v(g)?
6
Let y(z) = -9*z**2 + 2*z + 1. Suppose -7*t = -4*t - 3. Suppose -d - 2 = t, 0 = -2*g - d - 5. Give y(g).
-10
Let m be (-3 - 1 - -2)/2. Let q be -1 + (m - (-6 + 2)). Let j(f) = 2*f - 2*f**2 + 0 + f - f**3 - q + 5. Calculate j(-2).
-3
Let f(d) = 3*d - 3 + 3 - 3. Let y be f(2). Let m(b) = -10*b**2 + 5 - b**y + 10*b**2. What is m(0)?
5
Suppose 4 = -3*n + 10. Let z(j) = 1 + 2*j**2 + 5*j**2 + 0*j**n - 3*j**2 + 2*j. What is z(-1)?
3
Let x = -10 - -4. Let i(p) be the second derivative of p**6/720 - p**5/120 + p**4/12 + 5*p. Let n(k) be the third derivative of i(k). What is n(x)?
-7
Let j(z) = 3*z - 1. Let i = 4 - -1. Let n be (4/i)/((-6)/45). Let d = n + 8. Give j(d).
5
Let t(a) = a - 3*a**3 - 5*a**3 + 2*a**2 + 0*a**3 - a**2. Determine t(-1).
8
Suppose 3*z + 2*z = -5*i, -28 = -3*i + 4*z. Suppose 3*n - i*n + 6 = 0. Let u(t) = t**2 - 6*t - 4. What is u(n)?
-4
Let j(w) = -w**3 + w**2 - w + 3. Suppose m - 3*m + 2*z +